{"id":4787,"date":"2022-04-15T20:17:32","date_gmt":"2022-04-15T20:17:32","guid":{"rendered":"https:\/\/dogood.qodeinteractive.com\/?page_id=4787"},"modified":"2024-04-03T08:31:21","modified_gmt":"2024-04-03T08:31:21","slug":"faq-page","status":"publish","type":"page","link":"https:\/\/amilaneseinsider.com\/index.php\/faq-page\/","title":{"rendered":"Privacy Policy"},"content":{"rendered":"<h2 style=\"text-align: left;\"><strong>Informativa Privacy\u00a0<\/strong><\/h2>\n<p style=\"text-align: left;\">Sezione \u201cPrivacy Policy<em style=\"font-weight: 400;\">\u201d<\/em><\/p>\n<p style=\"font-weight: 400; text-align: left;\"><strong>Amilandese Insider <\/strong>con sede legale in Via Elba, 8, 10144 (MI) \u00a0(di seguito, il \u201c<strong>Titolare<\/strong>\u201d),<\/p>\n<p style=\"font-weight: 400;\">proprietario del sito internet\u00a0https:\/\/www.amilaneseinsider.com\u00a0(di seguito, il \u201c<strong>Sito<\/strong>\u201d), in qualit\u00e0 di\u00a0<strong>Titolare del trattamento<\/strong>\u00a0<strong>dei dati personali<\/strong>\u00a0degli utenti che navigano il Sito (di seguito, gli \u201c<strong>Utenti<\/strong>\u201d) fornisce qui di seguito l\u2019informativa privacy ai sensi dell\u2019art. 13 del Regolamento UE 2016\/679 del 27 aprile 2016 (di seguito, il \u201c<strong>Regolamento<\/strong>\u201d e\/o la \u201c<strong>Normativa Applicabile<\/strong>\u201d)<\/p>\n<p style=\"font-weight: 400;\">Questo Sito e i servizi eventualmente offerti tramite il Sito sono riservati a soggetti che hanno compiuto il diciottesimo anno di et\u00e0. Il Titolare non raccoglie quindi dati personali relativi ai soggetti minori di anni 18. Su richiesta degli Utenti, il Titolare canceller\u00e0 tempestivamente tutti i dati personali involontariamente raccolti e relativi a soggetti minori di anni 18.<\/p>\n<p style=\"font-weight: 400;\">I servizi a cui ci appoggiamo e con i quali abbiamo integrato le nostre pagine del sito ai fini di analizzare i dati del nostro portale sono: Google Tag Manager; Google Fonts; Font Awesome; Google Analytics con IP anonimizzato; Google Analytics 4. Modulo di contatti<\/p>\n<p style=\"font-weight: 400;\">Il Titolare tiene nella massima considerazione il diritto alla privacy ed alla protezione dei dati personali dei propri Utenti. Per ogni informazione in relazione alla presente informativa privacy, gli Utenti possono\u00a0<strong>contattare il Titolare<\/strong>\u00a0in qualsiasi momento, utilizzando le seguenti modalit\u00e0:<\/p>\n<ul>\n<li>Inviando una raccomandata a\/r alla sede legale del Titolare: Alessandra Dell\u2019Andrea<\/li>\n<li>Inviando un messaggio di posta elettronica a: alessandra.dellandrea@gmail.com<\/li>\n<li>O scrivendo al numero +39 335 109 1552<\/li>\n<\/ul>\n<p style=\"font-weight: 400;\">Il Titolare non ha individuato la figura del Responsabile della protezione dei dati (RPD o DPO), in quanto non \u00e8 soggetto all\u2019obbligo di designazione previsto dall\u2019art. 37 del Regolamento.<\/p>\n<ol>\n<li><strong>Finalit\u00e0 del trattamento\u00a0<\/strong><\/li>\n<\/ol>\n<p style=\"font-weight: 400;\">I dati personali degli Utenti saranno trattati lecitamente dal Titolare ai sensi dell\u2019art. 6 del Regolamento per le seguenti finalit\u00e0 di trattamento:<\/p>\n<ol start=\"2\">\n<li><strong><u>evadere la richiesta dell\u2019Utente<\/u><\/strong>: i dati personali degli Utenti sono raccolti e trattati dal Titolare al solo fine di evadere la loro richiesta. I dati dell\u2019Utente raccolti dal Titolare a tale fine includono: il nome e l\u2019indirizzo e-mail, nonch\u00e9 tutte le informazioni personali dell\u2019Utente eventualmente e volontariamente fornite dall\u2019Utente. Nessun altro trattamento verr\u00e0 effettuato dal Titolare in relazione ai dati personali degli Utenti. Fermo restando quanto previsto altrove in questa Informativa Privacy, in nessun caso il Titolare render\u00e0 accessibili agli altri Utenti e\/o a terzi i dati personali degli Utenti.<\/li>\n<\/ol>\n<ol start=\"3\">\n<li><strong><u>finalit\u00e0 amministrativo-contabili<\/u><\/strong>, ovvero per svolgere attivit\u00e0 di natura organizzativa, amministrativa, finanziaria e contabile, quali attivit\u00e0 organizzative interne ed attivit\u00e0 funzionali all\u2019adempimento di obblighi contrattuali e precontrattuali;<\/li>\n<li><strong><u>obblighi di legge<\/u><\/strong>, ovvero per adempiere ad obblighi previsti dalla legge, da un\u2019autorit\u00e0, da un regolamento o dalla normativa europea.<\/li>\n<\/ol>\n<p style=\"font-weight: 400;\">Il conferimento dei dati personali per le finalit\u00e0 di trattamento sopra indicate \u00e8 facoltativo ma necessario, poich\u00e9 il mancato conferimento degli stessi comporter\u00e0 l\u2019impossibilit\u00e0 per l\u2019Utente di effettuare una richiesta al Titolare.<\/p>\n<ul>\n<li><strong> Modalit\u00e0 di trattamento e tempi di conservazione dei dati\u00a0<\/strong><\/li>\n<\/ul>\n<p style=\"font-weight: 400;\">Il Titolare tratter\u00e0 i dati personali degli Utenti mediante strumenti manuali ed informatici, con logiche strettamente correlate alle finalit\u00e0 stesse e, comunque, in modo da garantire la sicurezza e la riservatezza dei dati stessi.<\/p>\n<p style=\"font-weight: 400;\">I dati personali degli Utenti del Sito saranno conservati per i tempi strettamente necessari ad espletare le finalit\u00e0 primarie illustrate al precedente paragrafo 1, o comunque secondo quanto necessario per la tutela in sede civilistica degli interessi sia degli Utenti che del Titolare.<\/p>\n<ul>\n<li><strong>Ambito di comunicazione e diffusione dei dati<\/strong><\/li>\n<\/ul>\n<p style=\"font-weight: 400;\">Potranno venire a conoscenza dei dati personali degli Utenti i dipendenti e\/o collaboratori del Titolare incaricati di gestire il Sito e le richieste degli Utenti. Tali soggetti, che sono formalmente nominati dal Titolare quali \u201c<strong>Incaricati del Trattamento<\/strong>\u201d e che sono stati istruiti in tal senso dal Titolare ai sensi dell\u2019art. 29 del Regolamento, tratteranno i dati dell\u2019Utente esclusivamente per le finalit\u00e0 indicate nella presente Informativa Privacy e nel rispetto delle previsioni della Normativa Applicabile.<\/p>\n<p style=\"font-weight: 400;\">Potranno inoltre venire a conoscenza dei dati personali degli Utenti i soggetti terzi che potranno trattare dati personali per conto del Titolare in qualit\u00e0 di \u201c<strong>Responsabili Esterni del Trattamento<\/strong>\u201d, quali, a titolo esemplificativo, fornitori di servizi informatici e logistici funzionali all\u2019operativit\u00e0 del Sito, fornitori di servizi in\u00a0<em>outsourcing<\/em>\u00a0o\u00a0<em>cloud computing<\/em>, professionisti e consulenti e altri.<\/p>\n<p style=\"font-weight: 400;\">Gli Utenti hanno il diritto di ottenere una lista degli eventuali Responsabili del Trattamento nominati dal Titolare, facendone richiesta al Titolare con le modalit\u00e0 indicate al successivo paragrafo 4.<\/p>\n<ul>\n<li><strong>Diritti degli Interessati<\/strong><\/li>\n<\/ul>\n<p style=\"font-weight: 400;\">Gli Utenti potranno esercitare i diritti garantiti loro dalla Normativa Applicabile, contattando il Titolare con le seguenti modalit\u00e0:<\/p>\n<ul>\n<li>Inviando una raccomandata a\/r alla sede legale del Titolare: Alessandra Dell\u2019Andrea.<\/li>\n<li>Inviando un messaggio di posta elettronica a : alessandra.dellandrea@gmail.com<\/li>\n<li>Inviando un messaggio al n. +39 335 109 1552<\/li>\n<\/ul>\n<p style=\"font-weight: 400;\">Ai sensi della Normativa Applicabile, il Titolare informa che gli Utenti hanno il diritto di ottenere l\u2019indicazione:<\/p>\n<p style=\"font-weight: 400;\">(i) dell\u2019origine dei dati personali;<\/p>\n<p style=\"font-weight: 400;\">(ii) delle finalit\u00e0 e modalit\u00e0 del trattamento;<\/p>\n<p style=\"font-weight: 400;\">(iii) della logica applicata in caso di trattamento effettuato con l\u2019ausilio di strumenti elettronici;<\/p>\n<p style=\"font-weight: 400;\">(iv) degli estremi identificativi del titolare e dei responsabili;<\/p>\n<p style=\"font-weight: 400;\">(v) dei soggetti o delle categorie di soggetti ai quali i dati personali possono essere comunicati o che possono venirne a conoscenza in qualit\u00e0 di responsabili o incaricati.<\/p>\n<p style=\"font-weight: 400;\">Inoltre, gli Utenti hanno il diritto di ottenere:<\/p>\n<ol>\n<li>a) l\u2019<strong>accesso<\/strong>, l\u2019<strong>aggiornamento<\/strong>, la\u00a0<strong>rettificazione <\/strong>ovvero, quando vi hanno interesse, l\u2019<strong>integrazione<\/strong>\u00a0dei dati;<\/li>\n<li>b) la <strong>cancellazione<\/strong>, la\u00a0<strong>trasformazione in forma anonima<\/strong>\u00a0o il\u00a0<strong>blocco<\/strong>\u00a0dei dati trattati in violazione di legge, compresi quelli di cui non \u00e8 necessaria la conservazione in relazione agli scopi per i quali i dati sono stati raccolti o successivamente trattati;<\/li>\n<li>c) l\u2019attestazione che le operazioni di cui alle lettere a) e b) sono state portate a conoscenza, anche per quanto riguarda il loro contenuto, di coloro ai quali i dati sono stati comunicati o diffusi, eccettuato il caso in cui tale adempimento si rivela impossibile o comporta un impiego di mezzi manifestamente sproporzionato rispetto al diritto tutelato.<\/li>\n<\/ol>\n<p style=\"font-weight: 400;\">Inoltre, gli Utenti hanno:<\/p>\n<ol>\n<li>a) il diritto di\u00a0<strong>revocare il consenso<\/strong>in qualsiasi momento, qualora il trattamento si basi sul loro consenso;<\/li>\n<li>b) il diritto alla\u00a0<strong>portabilit\u00e0 dei dati<\/strong>(diritto di ricevere tutti i dati personali che li riguardano in un formato strutturato, di uso comune e leggibile da dispositivo automatico), il diritto alla\u00a0<strong>limitazione<\/strong>\u00a0<strong>del<\/strong>\u00a0<strong>trattamento<\/strong>\u00a0dei dati personali e il\u00a0<strong>diritto alla cancellazione<\/strong>\u00a0(\u201cdiritto all\u2019oblio\u201d);<\/li>\n<li>c) il\u00a0<strong>diritto di opporsi<\/strong>:<\/li>\n<li>i) in tutto o in parte, per motivi legittimi al trattamento dei dati personali che li riguardano, ancorch\u00e9 pertinenti allo scopo della raccolta;<\/li>\n<li>ii) in tutto o in parte, al trattamento di dati personali che La riguardano a fini di invio di materiale pubblicitario o di vendita diretta o per il compimento di ricerche di mercato o di comunicazione commerciale;<\/li>\n<\/ol>\n<p style=\"font-weight: 400;\">iii) qualora i dati personali siano trattati per finalit\u00e0 di marketing diretto, in qualsiasi momento, al trattamento dei Suoi dati effettuato per tale finalit\u00e0, compresa la profilazione nella misura in cui sia connessa a tale marketing diretto.<\/p>\n<ol>\n<li>d) qualora ritenessero che il trattamento che li riguarda violi il Regolamento, il diritto di\u00a0<strong>proporre reclamo a un\u2019Autorit\u00e0 di controllo\u00a0<\/strong>(nello Stato membro in cui risiedono abitualmente, in quello in cui lavorano oppure in quello in cui si \u00e8 verificata la presunta violazione). L\u2019Autorit\u00e0 di controllo italiana \u00e8 il<strong>Garante per la protezione dei dati personali<\/strong>, con sede in Piazza di Monte Citorio n. 121, 00186 \u2013 Roma (<a href=\"http:\/\/www.garanteprivacy.it\/\">http:\/\/www.garanteprivacy.it\/<\/a>).<\/li>\n<\/ol>\n<p style=\"font-weight: 400;\">Il Titolare non \u00e8 responsabile per l\u2019aggiornamento di tutti i link visualizzabili nella presente Informativa Privacy, pertanto ogni qualvolta un link non sia funzionante e\/o aggiornato, gli Utenti riconoscono ed accettano che dovranno sempre far riferimento al documento e\/o sezione dei siti internet richiamati da tale link.<\/p>\n","protected":false},"excerpt":{"rendered":"<p>Informativa Privacy\u00a0 Sezione \u201cPrivacy Policy\u201d Amilandese Insider con sede legale in Via Elba, 8, 10144 (MI) \u00a0(di seguito, il \u201cTitolare\u201d), proprietario del sito internet\u00a0https:\/\/www.amilaneseinsider.com\u00a0(di seguito, il \u201cSito\u201d), in qualit\u00e0 di\u00a0Titolare del trattamento\u00a0dei dati personali\u00a0degli utenti che navigano il Sito (di seguito, gli \u201cUtenti\u201d) fornisce qui di seguito l\u2019informativa privacy ai sensi dell\u2019art. 13 del Regolamento [&hellip;]<\/p>\n","protected":false},"author":1,"featured_media":0,"parent":0,"menu_order":0,"comment_status":"closed","ping_status":"closed","template":"..\/public\/views\/revslider-page-template.php","meta":{"footnotes":""},"class_list":["post-4787","page","type-page","status-publish","hentry"],"yoast_head":"<!-- This site is optimized with the Yoast SEO plugin v27.5 - https:\/\/yoast.com\/product\/yoast-seo-wordpress\/ -->\n<title>Privacy Policy - amilaneseinsider<\/title>\n<meta name=\"robots\" content=\"index, follow, max-snippet:-1, max-image-preview:large, max-video-preview:-1\" \/>\n<link rel=\"canonical\" href=\"https:\/\/amilaneseinsider.com\/index.php\/faq-page\/\" \/>\n<meta property=\"og:locale\" content=\"it_IT\" \/>\n<meta property=\"og:type\" content=\"article\" \/>\n<meta property=\"og:title\" content=\"Privacy Policy - amilaneseinsider\" \/>\n<meta property=\"og:description\" content=\"Informativa Privacy\u00a0 Sezione \u201cPrivacy Policy\u201d Amilandese Insider con sede legale in Via Elba, 8, 10144 (MI) \u00a0(di seguito, il \u201cTitolare\u201d), proprietario del sito internet\u00a0https:\/\/www.amilaneseinsider.com\u00a0(di seguito, il \u201cSito\u201d), in qualit\u00e0 di\u00a0Titolare del trattamento\u00a0dei dati personali\u00a0degli utenti che navigano il Sito (di seguito, gli \u201cUtenti\u201d) fornisce qui di seguito l\u2019informativa privacy ai sensi dell\u2019art. 13 del Regolamento [&hellip;]\" \/>\n<meta property=\"og:url\" content=\"https:\/\/amilaneseinsider.com\/index.php\/faq-page\/\" \/>\n<meta property=\"og:site_name\" content=\"amilaneseinsider\" \/>\n<meta property=\"article:modified_time\" content=\"2024-04-03T08:31:21+00:00\" \/>\n<meta name=\"twitter:card\" content=\"summary_large_image\" \/>\n<meta name=\"twitter:label1\" content=\"Tempo di lettura stimato\" \/>\n\t<meta name=\"twitter:data1\" content=\"7 minuti\" \/>\n<script type=\"application\/ld+json\" class=\"yoast-schema-graph\">{\"@context\":\"https:\\\/\\\/schema.org\",\"@graph\":[{\"@type\":\"WebPage\",\"@id\":\"https:\\\/\\\/amilaneseinsider.com\\\/index.php\\\/faq-page\\\/\",\"url\":\"https:\\\/\\\/amilaneseinsider.com\\\/index.php\\\/faq-page\\\/\",\"name\":\"Privacy Policy - amilaneseinsider\",\"isPartOf\":{\"@id\":\"https:\\\/\\\/amilaneseinsider.com\\\/#website\"},\"datePublished\":\"2022-04-15T20:17:32+00:00\",\"dateModified\":\"2024-04-03T08:31:21+00:00\",\"breadcrumb\":{\"@id\":\"https:\\\/\\\/amilaneseinsider.com\\\/index.php\\\/faq-page\\\/#breadcrumb\"},\"inLanguage\":\"it-IT\",\"potentialAction\":[{\"@type\":\"ReadAction\",\"target\":[\"https:\\\/\\\/amilaneseinsider.com\\\/index.php\\\/faq-page\\\/\"]}]},{\"@type\":\"BreadcrumbList\",\"@id\":\"https:\\\/\\\/amilaneseinsider.com\\\/index.php\\\/faq-page\\\/#breadcrumb\",\"itemListElement\":[{\"@type\":\"ListItem\",\"position\":1,\"name\":\"Home\",\"item\":\"https:\\\/\\\/amilaneseinsider.com\\\/\"},{\"@type\":\"ListItem\",\"position\":2,\"name\":\"Privacy Policy\"}]},{\"@type\":\"WebSite\",\"@id\":\"https:\\\/\\\/amilaneseinsider.com\\\/#website\",\"url\":\"https:\\\/\\\/amilaneseinsider.com\\\/\",\"name\":\"amilaneseinsider\",\"description\":\"A Milanese Insider\",\"publisher\":{\"@id\":\"https:\\\/\\\/amilaneseinsider.com\\\/#organization\"},\"potentialAction\":[{\"@type\":\"SearchAction\",\"target\":{\"@type\":\"EntryPoint\",\"urlTemplate\":\"https:\\\/\\\/amilaneseinsider.com\\\/?s={search_term_string}\"},\"query-input\":{\"@type\":\"PropertyValueSpecification\",\"valueRequired\":true,\"valueName\":\"search_term_string\"}}],\"inLanguage\":\"it-IT\"},{\"@type\":\"Organization\",\"@id\":\"https:\\\/\\\/amilaneseinsider.com\\\/#organization\",\"name\":\"amilaneseinsider\",\"url\":\"https:\\\/\\\/amilaneseinsider.com\\\/\",\"logo\":{\"@type\":\"ImageObject\",\"inLanguage\":\"it-IT\",\"@id\":\"https:\\\/\\\/amilaneseinsider.com\\\/#\\\/schema\\\/logo\\\/image\\\/\",\"url\":\"https:\\\/\\\/amilaneseinsider.com\\\/wp-content\\\/uploads\\\/2024\\\/05\\\/cropped-ami_favicon-1.jpg\",\"contentUrl\":\"https:\\\/\\\/amilaneseinsider.com\\\/wp-content\\\/uploads\\\/2024\\\/05\\\/cropped-ami_favicon-1.jpg\",\"width\":511,\"height\":511,\"caption\":\"amilaneseinsider\"},\"image\":{\"@id\":\"https:\\\/\\\/amilaneseinsider.com\\\/#\\\/schema\\\/logo\\\/image\\\/\"}}]}<\/script>\n<!-- \/ Yoast SEO plugin. -->","yoast_head_json":{"title":"Privacy Policy - amilaneseinsider","robots":{"index":"index","follow":"follow","max-snippet":"max-snippet:-1","max-image-preview":"max-image-preview:large","max-video-preview":"max-video-preview:-1"},"canonical":"https:\/\/amilaneseinsider.com\/index.php\/faq-page\/","og_locale":"it_IT","og_type":"article","og_title":"Privacy Policy - amilaneseinsider","og_description":"Informativa Privacy\u00a0 Sezione \u201cPrivacy Policy\u201d Amilandese Insider con sede legale in Via Elba, 8, 10144 (MI) \u00a0(di seguito, il \u201cTitolare\u201d), proprietario del sito internet\u00a0https:\/\/www.amilaneseinsider.com\u00a0(di seguito, il \u201cSito\u201d), in qualit\u00e0 di\u00a0Titolare del trattamento\u00a0dei dati personali\u00a0degli utenti che navigano il Sito (di seguito, gli \u201cUtenti\u201d) fornisce qui di seguito l\u2019informativa privacy ai sensi dell\u2019art. 13 del Regolamento [&hellip;]","og_url":"https:\/\/amilaneseinsider.com\/index.php\/faq-page\/","og_site_name":"amilaneseinsider","article_modified_time":"2024-04-03T08:31:21+00:00","twitter_card":"summary_large_image","twitter_misc":{"Tempo di lettura stimato":"7 minuti"},"schema":{"@context":"https:\/\/schema.org","@graph":[{"@type":"WebPage","@id":"https:\/\/amilaneseinsider.com\/index.php\/faq-page\/","url":"https:\/\/amilaneseinsider.com\/index.php\/faq-page\/","name":"Privacy Policy - amilaneseinsider","isPartOf":{"@id":"https:\/\/amilaneseinsider.com\/#website"},"datePublished":"2022-04-15T20:17:32+00:00","dateModified":"2024-04-03T08:31:21+00:00","breadcrumb":{"@id":"https:\/\/amilaneseinsider.com\/index.php\/faq-page\/#breadcrumb"},"inLanguage":"it-IT","potentialAction":[{"@type":"ReadAction","target":["https:\/\/amilaneseinsider.com\/index.php\/faq-page\/"]}]},{"@type":"BreadcrumbList","@id":"https:\/\/amilaneseinsider.com\/index.php\/faq-page\/#breadcrumb","itemListElement":[{"@type":"ListItem","position":1,"name":"Home","item":"https:\/\/amilaneseinsider.com\/"},{"@type":"ListItem","position":2,"name":"Privacy Policy"}]},{"@type":"WebSite","@id":"https:\/\/amilaneseinsider.com\/#website","url":"https:\/\/amilaneseinsider.com\/","name":"amilaneseinsider","description":"A Milanese Insider","publisher":{"@id":"https:\/\/amilaneseinsider.com\/#organization"},"potentialAction":[{"@type":"SearchAction","target":{"@type":"EntryPoint","urlTemplate":"https:\/\/amilaneseinsider.com\/?s={search_term_string}"},"query-input":{"@type":"PropertyValueSpecification","valueRequired":true,"valueName":"search_term_string"}}],"inLanguage":"it-IT"},{"@type":"Organization","@id":"https:\/\/amilaneseinsider.com\/#organization","name":"amilaneseinsider","url":"https:\/\/amilaneseinsider.com\/","logo":{"@type":"ImageObject","inLanguage":"it-IT","@id":"https:\/\/amilaneseinsider.com\/#\/schema\/logo\/image\/","url":"https:\/\/amilaneseinsider.com\/wp-content\/uploads\/2024\/05\/cropped-ami_favicon-1.jpg","contentUrl":"https:\/\/amilaneseinsider.com\/wp-content\/uploads\/2024\/05\/cropped-ami_favicon-1.jpg","width":511,"height":511,"caption":"amilaneseinsider"},"image":{"@id":"https:\/\/amilaneseinsider.com\/#\/schema\/logo\/image\/"}}]}},"_links":{"self":[{"href":"https:\/\/amilaneseinsider.com\/index.php\/wp-json\/wp\/v2\/pages\/4787","targetHints":{"allow":["GET"]}}],"collection":[{"href":"https:\/\/amilaneseinsider.com\/index.php\/wp-json\/wp\/v2\/pages"}],"about":[{"href":"https:\/\/amilaneseinsider.com\/index.php\/wp-json\/wp\/v2\/types\/page"}],"author":[{"embeddable":true,"href":"https:\/\/amilaneseinsider.com\/index.php\/wp-json\/wp\/v2\/users\/1"}],"replies":[{"embeddable":true,"href":"https:\/\/amilaneseinsider.com\/index.php\/wp-json\/wp\/v2\/comments?post=4787"}],"version-history":[{"count":11,"href":"https:\/\/amilaneseinsider.com\/index.php\/wp-json\/wp\/v2\/pages\/4787\/revisions"}],"predecessor-version":[{"id":7806,"href":"https:\/\/amilaneseinsider.com\/index.php\/wp-json\/wp\/v2\/pages\/4787\/revisions\/7806"}],"wp:attachment":[{"href":"https:\/\/amilaneseinsider.com\/index.php\/wp-json\/wp\/v2\/media?parent=4787"}],"curies":[{"name":"wp","href":"https:\/\/api.w.org\/{rel}","templated":true}]}}